{"id":8580,"date":"2026-02-11T10:10:08","date_gmt":"2026-02-11T09:10:08","guid":{"rendered":"https:\/\/pentagon-riders.ch\/?page_id=8580"},"modified":"2026-02-25T15:56:21","modified_gmt":"2026-02-25T14:56:21","slug":"links-2","status":"publish","type":"page","link":"https:\/\/pentagon-riders.ch\/?page_id=8580","title":{"rendered":"Links"},"content":{"rendered":"\t\t<div data-elementor-type=\"wp-page\" data-elementor-id=\"8580\" class=\"elementor elementor-8580\">\n\t\t\t\t\t\t<section class=\"elementor-section elementor-top-section elementor-element elementor-element-94557bd elementor-section-boxed elementor-section-height-default elementor-section-height-default\" data-id=\"94557bd\" data-element_type=\"section\" data-e-type=\"section\">\n\t\t\t\t\t\t<div class=\"elementor-container elementor-column-gap-default\">\n\t\t\t\t\t<div class=\"elementor-column elementor-col-100 elementor-top-column elementor-element elementor-element-35afedf\" data-id=\"35afedf\" data-element_type=\"column\" data-e-type=\"column\">\n\t\t\t<div class=\"elementor-widget-wrap elementor-element-populated\">\n\t\t\t\t\t\t<div class=\"elementor-element elementor-element-ec412e0 elementor-widget elementor-widget-heading\" data-id=\"ec412e0\" data-element_type=\"widget\" data-e-type=\"widget\" data-widget_type=\"heading.default\">\n\t\t\t\t<div class=\"elementor-widget-container\">\n\t\t\t\t\t<h2 class=\"elementor-heading-title elementor-size-default\">Jahresprogramm 2026 motoclub armasuisse<\/h2>\t\t\t\t<\/div>\n\t\t\t\t<\/div>\n\t\t\t\t\t<\/div>\n\t\t<\/div>\n\t\t\t\t\t<\/div>\n\t\t<\/section>\n\t\t\t\t<section class=\"elementor-section elementor-top-section elementor-element elementor-element-6bd71b2 elementor-section-boxed elementor-section-height-default elementor-section-height-default\" data-id=\"6bd71b2\" data-element_type=\"section\" data-e-type=\"section\">\n\t\t\t\t\t\t<div class=\"elementor-container elementor-column-gap-default\">\n\t\t\t\t\t<div class=\"elementor-column elementor-col-100 elementor-top-column elementor-element elementor-element-c40ad9f\" data-id=\"c40ad9f\" data-element_type=\"column\" data-e-type=\"column\">\n\t\t\t<div class=\"elementor-widget-wrap elementor-element-populated\">\n\t\t\t\t\t\t<div class=\"elementor-element elementor-element-28916e0 elementor-widget elementor-widget-image\" data-id=\"28916e0\" data-element_type=\"widget\" data-e-type=\"widget\" data-widget_type=\"image.default\">\n\t\t\t\t<div class=\"elementor-widget-container\">\n\t\t\t\t\t\t\t\t\t\t\t\t\t\t\t\t<a href=\"https:\/\/pentagon-riders.ch\/wp-content\/uploads\/2026\/02\/Ausfahrten2026motoclubarmasuisse1.pdf\">\n\t\t\t\t\t\t\t<img fetchpriority=\"high\" decoding=\"async\" width=\"401\" height=\"125\" src=\"https:\/\/pentagon-riders.ch\/wp-content\/uploads\/2026\/02\/Logo-motoclub-armasuisse.png\" class=\"attachment-large size-large wp-image-8581\" alt=\"\" srcset=\"https:\/\/pentagon-riders.ch\/wp-content\/uploads\/2026\/02\/Logo-motoclub-armasuisse.png 401w, https:\/\/pentagon-riders.ch\/wp-content\/uploads\/2026\/02\/Logo-motoclub-armasuisse-300x94.png 300w, https:\/\/pentagon-riders.ch\/wp-content\/uploads\/2026\/02\/Logo-motoclub-armasuisse-150x47.png 150w\" sizes=\"(max-width: 401px) 100vw, 401px\" \/>\t\t\t\t\t\t\t\t<\/a>\n\t\t\t\t\t\t\t\t\t\t\t\t\t\t\t<\/div>\n\t\t\t\t<\/div>\n\t\t\t\t<div class=\"elementor-element elementor-element-fcd0031 elementor-widget-divider--view-line elementor-widget elementor-widget-divider\" data-id=\"fcd0031\" data-element_type=\"widget\" data-e-type=\"widget\" data-widget_type=\"divider.default\">\n\t\t\t\t<div class=\"elementor-widget-container\">\n\t\t\t\t\t\t\t<div class=\"elementor-divider\">\n\t\t\t<span class=\"elementor-divider-separator\">\n\t\t\t\t\t\t<\/span>\n\t\t<\/div>\n\t\t\t\t\t\t<\/div>\n\t\t\t\t<\/div>\n\t\t\t\t\t<\/div>\n\t\t<\/div>\n\t\t\t\t\t<\/div>\n\t\t<\/section>\n\t\t\t\t<section class=\"elementor-section elementor-top-section elementor-element elementor-element-3c005a0 elementor-section-boxed elementor-section-height-default elementor-section-height-default\" data-id=\"3c005a0\" data-element_type=\"section\" data-e-type=\"section\">\n\t\t\t\t\t\t<div class=\"elementor-container elementor-column-gap-default\">\n\t\t\t\t\t<div class=\"elementor-column elementor-col-100 elementor-top-column elementor-element elementor-element-f490944\" data-id=\"f490944\" data-element_type=\"column\" data-e-type=\"column\">\n\t\t\t<div class=\"elementor-widget-wrap elementor-element-populated\">\n\t\t\t\t\t\t<div class=\"elementor-element elementor-element-80b7d09 elementor-widget elementor-widget-heading\" data-id=\"80b7d09\" data-element_type=\"widget\" data-e-type=\"widget\" data-widget_type=\"heading.default\">\n\t\t\t\t<div class=\"elementor-widget-container\">\n\t\t\t\t\t<h2 class=\"elementor-heading-title elementor-size-default\">Testfahrten<\/h2>\t\t\t\t<\/div>\n\t\t\t\t<\/div>\n\t\t\t\t\t<\/div>\n\t\t<\/div>\n\t\t\t\t\t<\/div>\n\t\t<\/section>\n\t\t\t\t<section class=\"elementor-section elementor-top-section elementor-element elementor-element-0de76fe elementor-section-boxed elementor-section-height-default elementor-section-height-default\" data-id=\"0de76fe\" data-element_type=\"section\" data-e-type=\"section\">\n\t\t\t\t\t\t<div class=\"elementor-container elementor-column-gap-default\">\n\t\t\t\t\t<div class=\"elementor-column elementor-col-100 elementor-top-column elementor-element elementor-element-da4b088\" data-id=\"da4b088\" data-element_type=\"column\" data-e-type=\"column\">\n\t\t\t<div class=\"elementor-widget-wrap elementor-element-populated\">\n\t\t\t\t\t\t<section class=\"elementor-section elementor-inner-section elementor-element elementor-element-f2caaa8 elementor-section-boxed elementor-section-height-default elementor-section-height-default\" data-id=\"f2caaa8\" data-element_type=\"section\" data-e-type=\"section\">\n\t\t\t\t\t\t<div class=\"elementor-container elementor-column-gap-default\">\n\t\t\t\t\t<div class=\"elementor-column elementor-col-50 elementor-inner-column elementor-element elementor-element-e5b4d50\" data-id=\"e5b4d50\" data-element_type=\"column\" data-e-type=\"column\">\n\t\t\t<div class=\"elementor-widget-wrap elementor-element-populated\">\n\t\t\t\t\t\t<div class=\"elementor-element elementor-element-a911fa6 elementor-widget elementor-widget-image\" data-id=\"a911fa6\" data-element_type=\"widget\" data-e-type=\"widget\" data-widget_type=\"image.default\">\n\t\t\t\t<div class=\"elementor-widget-container\">\n\t\t\t\t\t\t\t\t\t\t\t\t\t\t\t\t<a href=\"https:\/\/moto-center.ch\/al-events\/oberlaender-toeffevent\/\" target=\"_blank\">\n\t\t\t\t\t\t\t<img decoding=\"async\" width=\"362\" height=\"320\" src=\"https:\/\/pentagon-riders.ch\/wp-content\/uploads\/2026\/02\/Oberlaender-Toeffevent.png\" class=\"attachment-large size-large wp-image-8636\" alt=\"\" srcset=\"https:\/\/pentagon-riders.ch\/wp-content\/uploads\/2026\/02\/Oberlaender-Toeffevent.png 362w, https:\/\/pentagon-riders.ch\/wp-content\/uploads\/2026\/02\/Oberlaender-Toeffevent-300x265.png 300w, https:\/\/pentagon-riders.ch\/wp-content\/uploads\/2026\/02\/Oberlaender-Toeffevent-150x133.png 150w\" sizes=\"(max-width: 362px) 100vw, 362px\" \/>\t\t\t\t\t\t\t\t<\/a>\n\t\t\t\t\t\t\t\t\t\t\t\t\t\t\t<\/div>\n\t\t\t\t<\/div>\n\t\t\t\t\t<\/div>\n\t\t<\/div>\n\t\t\t\t<div class=\"elementor-column elementor-col-50 elementor-inner-column elementor-element elementor-element-731f48d\" data-id=\"731f48d\" data-element_type=\"column\" data-e-type=\"column\">\n\t\t\t<div class=\"elementor-widget-wrap elementor-element-populated\">\n\t\t\t\t\t\t<div class=\"elementor-element elementor-element-d9fed53 elementor-widget elementor-widget-image\" data-id=\"d9fed53\" data-element_type=\"widget\" data-e-type=\"widget\" data-widget_type=\"image.default\">\n\t\t\t\t<div class=\"elementor-widget-container\">\n\t\t\t\t\t\t\t\t\t\t\t\t\t\t\t\t<a href=\"https:\/\/moto-center.ch\/al-events\/emmentaler-toefftesttage\/\" target=\"_blank\">\n\t\t\t\t\t\t\t<img decoding=\"async\" width=\"360\" height=\"341\" src=\"https:\/\/pentagon-riders.ch\/wp-content\/uploads\/2026\/02\/Emmentaler-Toefftesttage-.png\" class=\"attachment-large size-large wp-image-8635\" alt=\"\" srcset=\"https:\/\/pentagon-riders.ch\/wp-content\/uploads\/2026\/02\/Emmentaler-Toefftesttage-.png 360w, https:\/\/pentagon-riders.ch\/wp-content\/uploads\/2026\/02\/Emmentaler-Toefftesttage--300x284.png 300w, https:\/\/pentagon-riders.ch\/wp-content\/uploads\/2026\/02\/Emmentaler-Toefftesttage--150x142.png 150w\" sizes=\"(max-width: 360px) 100vw, 360px\" \/>\t\t\t\t\t\t\t\t<\/a>\n\t\t\t\t\t\t\t\t\t\t\t\t\t\t\t<\/div>\n\t\t\t\t<\/div>\n\t\t\t\t\t<\/div>\n\t\t<\/div>\n\t\t\t\t\t<\/div>\n\t\t<\/section>\n\t\t\t\t<div class=\"elementor-element elementor-element-de5fbdf elementor-widget-divider--view-line elementor-widget elementor-widget-divider\" data-id=\"de5fbdf\" data-element_type=\"widget\" data-e-type=\"widget\" data-widget_type=\"divider.default\">\n\t\t\t\t<div class=\"elementor-widget-container\">\n\t\t\t\t\t\t\t<div class=\"elementor-divider\">\n\t\t\t<span class=\"elementor-divider-separator\">\n\t\t\t\t\t\t<\/span>\n\t\t<\/div>\n\t\t\t\t\t\t<\/div>\n\t\t\t\t<\/div>\n\t\t\t\t<div class=\"elementor-element elementor-element-390105a elementor-widget elementor-widget-heading\" data-id=\"390105a\" data-element_type=\"widget\" data-e-type=\"widget\" data-widget_type=\"heading.default\">\n\t\t\t\t<div class=\"elementor-widget-container\">\n\t\t\t\t\t<h2 class=\"elementor-heading-title elementor-size-default\">Schallenberg Classic 2026<\/h2>\t\t\t\t<\/div>\n\t\t\t\t<\/div>\n\t\t\t\t\t<\/div>\n\t\t<\/div>\n\t\t\t\t\t<\/div>\n\t\t<\/section>\n\t\t\t\t<section class=\"elementor-section elementor-top-section elementor-element elementor-element-969904d elementor-section-boxed elementor-section-height-default elementor-section-height-default\" data-id=\"969904d\" data-element_type=\"section\" data-e-type=\"section\">\n\t\t\t\t\t\t<div class=\"elementor-container elementor-column-gap-default\">\n\t\t\t\t\t<div class=\"elementor-column elementor-col-100 elementor-top-column elementor-element elementor-element-f9be044\" data-id=\"f9be044\" data-element_type=\"column\" data-e-type=\"column\">\n\t\t\t<div class=\"elementor-widget-wrap elementor-element-populated\">\n\t\t\t\t\t\t<div class=\"elementor-element elementor-element-59fa1ca elementor-widget elementor-widget-image\" data-id=\"59fa1ca\" data-element_type=\"widget\" data-e-type=\"widget\" data-widget_type=\"image.default\">\n\t\t\t\t<div class=\"elementor-widget-container\">\n\t\t\t\t\t\t\t\t\t\t\t\t\t\t\t\t<a href=\"https:\/\/www.schallenbergclassic.ch\/\" target=\"_blank\">\n\t\t\t\t\t\t\t<img loading=\"lazy\" decoding=\"async\" width=\"591\" height=\"358\" src=\"https:\/\/pentagon-riders.ch\/wp-content\/uploads\/2026\/01\/schallenbergclassic.jpg\" class=\"attachment-medium_large size-medium_large wp-image-8441\" alt=\"\" srcset=\"https:\/\/pentagon-riders.ch\/wp-content\/uploads\/2026\/01\/schallenbergclassic.jpg 591w, https:\/\/pentagon-riders.ch\/wp-content\/uploads\/2026\/01\/schallenbergclassic-300x182.jpg 300w, https:\/\/pentagon-riders.ch\/wp-content\/uploads\/2026\/01\/schallenbergclassic-150x91.jpg 150w\" sizes=\"(max-width: 591px) 100vw, 591px\" \/>\t\t\t\t\t\t\t\t<\/a>\n\t\t\t\t\t\t\t\t\t\t\t\t\t\t\t<\/div>\n\t\t\t\t<\/div>\n\t\t\t\t<div class=\"elementor-element elementor-element-644dd93 elementor-widget-divider--view-line elementor-widget elementor-widget-divider\" data-id=\"644dd93\" data-element_type=\"widget\" data-e-type=\"widget\" data-widget_type=\"divider.default\">\n\t\t\t\t<div class=\"elementor-widget-container\">\n\t\t\t\t\t\t\t<div class=\"elementor-divider\">\n\t\t\t<span class=\"elementor-divider-separator\">\n\t\t\t\t\t\t<\/span>\n\t\t<\/div>\n\t\t\t\t\t\t<\/div>\n\t\t\t\t<\/div>\n\t\t\t\t\t<\/div>\n\t\t<\/div>\n\t\t\t\t\t<\/div>\n\t\t<\/section>\n\t\t\t\t<section class=\"elementor-section elementor-top-section elementor-element elementor-element-af97be6 elementor-section-boxed elementor-section-height-default elementor-section-height-default\" data-id=\"af97be6\" data-element_type=\"section\" data-e-type=\"section\">\n\t\t\t\t\t\t<div class=\"elementor-container elementor-column-gap-default\">\n\t\t\t\t\t<div class=\"elementor-column elementor-col-100 elementor-top-column elementor-element elementor-element-5bcdf07\" data-id=\"5bcdf07\" data-element_type=\"column\" data-e-type=\"column\">\n\t\t\t<div class=\"elementor-widget-wrap elementor-element-populated\">\n\t\t\t\t\t\t<div class=\"elementor-element elementor-element-6e28082 elementor-widget elementor-widget-heading\" data-id=\"6e28082\" data-element_type=\"widget\" data-e-type=\"widget\" data-widget_type=\"heading.default\">\n\t\t\t\t<div class=\"elementor-widget-container\">\n\t\t\t\t\t<h2 class=\"elementor-heading-title elementor-size-default\">Gurnigel T\u00f6ff Tr\u00e4ff 2026<\/h2>\t\t\t\t<\/div>\n\t\t\t\t<\/div>\n\t\t\t\t\t<\/div>\n\t\t<\/div>\n\t\t\t\t\t<\/div>\n\t\t<\/section>\n\t\t\t\t<section class=\"elementor-section elementor-top-section elementor-element elementor-element-8569a60 elementor-section-boxed elementor-section-height-default elementor-section-height-default\" data-id=\"8569a60\" data-element_type=\"section\" data-e-type=\"section\">\n\t\t\t\t\t\t<div class=\"elementor-container elementor-column-gap-default\">\n\t\t\t\t\t<div class=\"elementor-column elementor-col-100 elementor-top-column elementor-element elementor-element-2f4d039\" data-id=\"2f4d039\" data-element_type=\"column\" data-e-type=\"column\">\n\t\t\t<div class=\"elementor-widget-wrap elementor-element-populated\">\n\t\t\t\t\t\t<div class=\"elementor-element elementor-element-1632973 elementor-widget elementor-widget-text-editor\" data-id=\"1632973\" data-element_type=\"widget\" data-e-type=\"widget\" data-widget_type=\"text-editor.default\">\n\t\t\t\t<div class=\"elementor-widget-container\">\n\t\t\t\t\t\t\t\t\t<p class=\"m-size-14\" style=\"border-style: solid; border-color: #333333; -webkit-font-smoothing: antialiased; margin-bottom: 0px; -webkit-tap-highlight-color: transparent; font-family: Helvetica, 'Helvetica Fallback'; font-weight: 400; line-height: 1.8; color: #c8c8c8; direction: ltr; font-style: normal; font-size: 18px; font-variant-ligatures: normal; font-variant-caps: normal; background-color: #022733; width: auto !important; height: auto !important;\"><span class=\"m-font-size-14\" style=\"border-style: solid; border-color: #333333; -webkit-font-smoothing: antialiased; -webkit-tap-highlight-color: transparent; display: initial; width: auto !important; height: auto !important;\">Das Treffen f\u00fcr alle begeisterten Motorradfahrer\/Innen!<br style=\"border: 0px solid #333333; -webkit-font-smoothing: antialiased; -webkit-tap-highlight-color: transparent;\" \/>Jeden Dienstag von Anfang Mai bis ende September ab 17.30 Uhr bei der Bergwirtschaft unteren Gantrischh\u00fctte auf dem Gurnigel.<\/span><\/p><p class=\"m-size-14\" style=\"border-style: solid; border-color: #333333; -webkit-font-smoothing: antialiased; margin-bottom: 0px; -webkit-tap-highlight-color: transparent; font-family: Helvetica, 'Helvetica Fallback'; font-weight: 400; line-height: 1.8; color: #c8c8c8; direction: ltr; font-style: normal; font-size: 18px; font-variant-ligatures: normal; font-variant-caps: normal; background-color: #022733; width: auto !important; height: auto !important;\"><span class=\"m-font-size-14\" style=\"border-style: solid; border-color: #333333; -webkit-font-smoothing: antialiased; -webkit-tap-highlight-color: transparent; display: initial; width: auto !important; height: auto !important;\">Von drei unterschiedlichen Richtungen kann das Treffen angefahren werden, \u00fcber eine tolle kurvenreiche Strecke, welche jedes Motorradherz h\u00f6her schlagen l\u00e4sst. Auf rund 1600 m\u00fcM finden tolle Gespr\u00e4che statt, k\u00f6nnen Testfahrten gemacht werden und entstehen neue Freundschaften. Dazu eine leckere Gurnigelbratwurst geniessen und der Dienstagabend ist perfekt.<\/span><\/p><p class=\"m-size-14\" style=\"border-style: solid; border-color: #333333; -webkit-font-smoothing: antialiased; margin-bottom: 0px; -webkit-tap-highlight-color: transparent; font-family: Helvetica, 'Helvetica Fallback'; font-weight: 400; line-height: 1.8; color: #c8c8c8; direction: ltr; font-style: normal; font-size: 18px; font-variant-ligatures: normal; font-variant-caps: normal; background-color: #022733; width: auto !important; height: auto !important;\"><span class=\"m-font-size-14\" style=\"border-style: solid; border-color: #333333; -webkit-font-smoothing: antialiased; -webkit-tap-highlight-color: transparent; display: initial; width: auto !important; height: auto !important;\">F\u00fcr die k\u00fchle Erfrischung sorgt das Team der unteren Gantrischh\u00fctte.<\/span><span class=\"m-font-size-14\" style=\"border-style: solid; border-color: #333333; -webkit-font-smoothing: antialiased; -webkit-tap-highlight-color: transparent; display: initial; width: auto !important; height: auto !important;\">\u00a0<\/span><a class=\"m-font-size-14\" style=\"border-style: solid; border-color: #333333; vertical-align: initial; -webkit-font-smoothing: antialiased; color: #c8c8c8; outline-style: none; outline-width: initial; -webkit-tap-highlight-color: transparent; text-decoration-line: underline; display: initial; width: auto !important; height: auto !important;\" href=\"https:\/\/gantrischhuette.ch\/\" target=\"_blank\" rel=\"noopener\" type=\"url\">gantrischhuette.ch<\/a><\/p>\t\t\t\t\t\t\t\t<\/div>\n\t\t\t\t<\/div>\n\t\t\t\t<div class=\"elementor-element elementor-element-2c084f1 elementor-widget-divider--view-line elementor-widget elementor-widget-divider\" data-id=\"2c084f1\" data-element_type=\"widget\" data-e-type=\"widget\" data-widget_type=\"divider.default\">\n\t\t\t\t<div class=\"elementor-widget-container\">\n\t\t\t\t\t\t\t<div class=\"elementor-divider\">\n\t\t\t<span class=\"elementor-divider-separator\">\n\t\t\t\t\t\t<\/span>\n\t\t<\/div>\n\t\t\t\t\t\t<\/div>\n\t\t\t\t<\/div>\n\t\t\t\t\t<\/div>\n\t\t<\/div>\n\t\t\t\t\t<\/div>\n\t\t<\/section>\n\t\t\t\t<\/div>\n\t\t","protected":false},"excerpt":{"rendered":"<p>Jahresprogramm 2026 motoclub armasuisse Testfahrten Schallenberg Classic 2026 Gurnigel T\u00f6ff Tr\u00e4ff 2026 Das Treffen f\u00fcr alle begeisterten Motorradfahrer\/Innen!Jeden Dienstag von Anfang Mai bis ende September ab 17.30 Uhr bei der Bergwirtschaft unteren Gantrischh\u00fctte auf dem Gurnigel. Von drei unterschiedlichen Richtungen kann das Treffen angefahren werden, \u00fcber eine tolle kurvenreiche Strecke, welche jedes Motorradherz h\u00f6her schlagen [&hellip;]<\/p>\n","protected":false},"author":1,"featured_media":0,"parent":0,"menu_order":0,"comment_status":"closed","ping_status":"closed","template":"","meta":{"ocean_post_layout":"","ocean_both_sidebars_style":"","ocean_both_sidebars_content_width":0,"ocean_both_sidebars_sidebars_width":0,"ocean_sidebar":"","ocean_second_sidebar":"","ocean_disable_margins":"enable","ocean_add_body_class":"","ocean_shortcode_before_top_bar":"","ocean_shortcode_after_top_bar":"","ocean_shortcode_before_header":"","ocean_shortcode_after_header":"","ocean_has_shortcode":"","ocean_shortcode_after_title":"","ocean_shortcode_before_footer_widgets":"","ocean_shortcode_after_footer_widgets":"","ocean_shortcode_before_footer_bottom":"","ocean_shortcode_after_footer_bottom":"","ocean_display_top_bar":"default","ocean_display_header":"default","ocean_header_style":"","ocean_center_header_left_menu":"","ocean_custom_header_template":"","ocean_custom_logo":0,"ocean_custom_retina_logo":0,"ocean_custom_logo_max_width":0,"ocean_custom_logo_tablet_max_width":0,"ocean_custom_logo_mobile_max_width":0,"ocean_custom_logo_max_height":0,"ocean_custom_logo_tablet_max_height":0,"ocean_custom_logo_mobile_max_height":0,"ocean_header_custom_menu":"","ocean_menu_typo_font_family":"","ocean_menu_typo_font_subset":"","ocean_menu_typo_font_size":0,"ocean_menu_typo_font_size_tablet":0,"ocean_menu_typo_font_size_mobile":0,"ocean_menu_typo_font_size_unit":"px","ocean_menu_typo_font_weight":"","ocean_menu_typo_font_weight_tablet":"","ocean_menu_typo_font_weight_mobile":"","ocean_menu_typo_transform":"","ocean_menu_typo_transform_tablet":"","ocean_menu_typo_transform_mobile":"","ocean_menu_typo_line_height":0,"ocean_menu_typo_line_height_tablet":0,"ocean_menu_typo_line_height_mobile":0,"ocean_menu_typo_line_height_unit":"","ocean_menu_typo_spacing":0,"ocean_menu_typo_spacing_tablet":0,"ocean_menu_typo_spacing_mobile":0,"ocean_menu_typo_spacing_unit":"","ocean_menu_link_color":"","ocean_menu_link_color_hover":"","ocean_menu_link_color_active":"","ocean_menu_link_background":"","ocean_menu_link_hover_background":"","ocean_menu_link_active_background":"","ocean_menu_social_links_bg":"","ocean_menu_social_hover_links_bg":"","ocean_menu_social_links_color":"","ocean_menu_social_hover_links_color":"","ocean_disable_title":"default","ocean_disable_heading":"default","ocean_post_title":"","ocean_post_subheading":"","ocean_post_title_style":"","ocean_post_title_background_color":"","ocean_post_title_background":0,"ocean_post_title_bg_image_position":"","ocean_post_title_bg_image_attachment":"","ocean_post_title_bg_image_repeat":"","ocean_post_title_bg_image_size":"","ocean_post_title_height":0,"ocean_post_title_bg_overlay":0.5,"ocean_post_title_bg_overlay_color":"","ocean_disable_breadcrumbs":"default","ocean_breadcrumbs_color":"","ocean_breadcrumbs_separator_color":"","ocean_breadcrumbs_links_color":"","ocean_breadcrumbs_links_hover_color":"","ocean_display_footer_widgets":"default","ocean_display_footer_bottom":"default","ocean_custom_footer_template":"","footnotes":"","_links_to":"","_links_to_target":""},"class_list":["post-8580","page","type-page","status-publish","hentry","entry"],"publishpress_future_action":{"enabled":false,"date":"2026-04-13 23:57:10","action":"change-status","newStatus":"draft","terms":[],"taxonomy":"","extraData":[]},"publishpress_future_workflow_manual_trigger":{"enabledWorkflows":[]},"_links":{"self":[{"href":"https:\/\/pentagon-riders.ch\/index.php?rest_route=\/wp\/v2\/pages\/8580","targetHints":{"allow":["GET"]}}],"collection":[{"href":"https:\/\/pentagon-riders.ch\/index.php?rest_route=\/wp\/v2\/pages"}],"about":[{"href":"https:\/\/pentagon-riders.ch\/index.php?rest_route=\/wp\/v2\/types\/page"}],"author":[{"embeddable":true,"href":"https:\/\/pentagon-riders.ch\/index.php?rest_route=\/wp\/v2\/users\/1"}],"replies":[{"embeddable":true,"href":"https:\/\/pentagon-riders.ch\/index.php?rest_route=%2Fwp%2Fv2%2Fcomments&post=8580"}],"version-history":[{"count":15,"href":"https:\/\/pentagon-riders.ch\/index.php?rest_route=\/wp\/v2\/pages\/8580\/revisions"}],"predecessor-version":[{"id":8639,"href":"https:\/\/pentagon-riders.ch\/index.php?rest_route=\/wp\/v2\/pages\/8580\/revisions\/8639"}],"wp:attachment":[{"href":"https:\/\/pentagon-riders.ch\/index.php?rest_route=%2Fwp%2Fv2%2Fmedia&parent=8580"}],"curies":[{"name":"wp","href":"https:\/\/api.w.org\/{rel}","templated":true}]}}